{"id":96,"date":"2018-09-05T15:21:35","date_gmt":"2018-09-05T15:21:35","guid":{"rendered":"http:\/\/www.nicdarkthemes.com\/themes\/children\/wp\/demo\/?page_id=96"},"modified":"2025-01-08T00:15:36","modified_gmt":"2025-01-07T23:15:36","slug":"didattica-e-servizi","status":"publish","type":"page","link":"https:\/\/www.asiloabbiateguazzone.it\/2022\/didattica-e-servizi\/","title":{"rendered":"Didattica e servizi"},"content":{"rendered":"<p>[vc_row css=&#8221;.vc_custom_1467207274037{margin-top: 50px !important;}&#8221;][vc_column width=&#8221;1\/2&#8243; css=&#8221;.vc_custom_1467360650255{margin-top: 10px !important;margin-bottom: 10px !important;padding-top: 0px !important;padding-right: 40px !important;}&#8221;]<div style=\"background-color:;height: 15px\" class=\"nicdark_section  \"><\/div> <h2 style=\"color:;padding:px;text-align:right;font-size:40px;line-height:50px;letter-spacing: px;font-weight:normal\" class=\"  nd_options_text_align_center_responsive_important nd_options_first_font \">Autonomia, identit\u00e0 e competenze.<\/h2> [\/vc_column][vc_column width=&#8221;1\/2&#8243; css=&#8221;.vc_custom_1591902894895{margin-top: 10px !important;padding-top: 0px !important;}&#8221;][vc_column_text el_class=&#8221;nd_options_text_align_center_responsive&#8221; css=&#8221;.vc_custom_1608153008066{margin-bottom: 0px !important;padding-bottom: 5px !important;}&#8221;]Il nostro piano formativo \u00e8 fondato sulla crescita di bambini indipendenti e sereni, nel rispetto dei tempi e delle modalit\u00e0 di apprendimento pi\u00f9 adatte ad ognuno.[\/vc_column_text][vc_column_text el_class=&#8221;nd_options_text_align_center_responsive&#8221; css=&#8221;.vc_custom_1608153016860{margin-top: 0px !important;padding-top: 15px !important;}&#8221;]Incentiviamo la curiosit\u00e0 e stimoliamo la voglia di scoprire il mondo, insegnando ad interagire con esso con percorsi e attivit\u00e0 diverse, pensate in modo da coinvolgere e interessare i bambini per ogni fascia di et\u00e0.[\/vc_column_text][\/vc_column][\/vc_row][vc_row full_width=&#8221;stretch_row&#8221; css=&#8221;.vc_custom_1608153658679{margin-top: 10px !important;margin-bottom: 0px !important;padding-top: 15px !important;padding-bottom: 15px !important;background-color: #f9854a !important;}&#8221;][vc_column css=&#8221;.vc_custom_1467360650255{margin-top: 10px !important;margin-bottom: 10px !important;padding-top: 0px !important;padding-right: 40px !important;}&#8221;][vc_column_text css=&#8221;.vc_custom_1619736531102{margin-bottom: 0px !important;}&#8221;]<\/p>\n<h2 style=\"text-align: center;\"><a href=\"https:\/\/www.asiloabbiateguazzone.it\/2022\/iscrizioni\/\"><strong><span style=\"color: #ffffff;\">Clicca qui per le modalit\u00e0 di iscrizione<\/span><\/strong><\/a><\/h2>\n<p>[\/vc_column_text][\/vc_column][\/vc_row][vc_row full_width=&#8221;stretch_row_content_no_spaces&#8221; equal_height=&#8221;yes&#8221; content_placement=&#8221;middle&#8221; css=&#8221;.vc_custom_1608153664307{margin-top: 0px !important;padding-top: 0px !important;padding-bottom: 0px !important;background-color: #495052 !important;}&#8221; el_class=&#8221;nd_options_vc_parallax_filter_3&#8243;][vc_column width=&#8221;1\/2&#8243; css=&#8221;.vc_custom_1587501112094{margin-top: 0px !important;margin-right: 0px !important;margin-bottom: 0px !important;margin-left: 0px !important;padding-top: 0px !important;padding-right: 0px !important;padding-bottom: 0px !important;padding-left: 0px !important;background-image: url(https:\/\/www.asiloabbiateguazzone.it\/2022\/wp-content\/uploads\/2020\/04\/ptof.jpg?id=623) !important;background-position: center !important;background-repeat: no-repeat !important;background-size: cover !important;}&#8221;][\/vc_column][vc_column width=&#8221;1\/2&#8243; css=&#8221;.vc_custom_1469536722273{padding-top: 100px !important;padding-right: 100px !important;padding-bottom: 100px !important;padding-left: 100px !important;}&#8221;] <h3 style=\"color:#ffffff;padding:px;text-align:;font-size:40px;line-height:45px;letter-spacing: px;font-weight:normal\" class=\"   nd_options_first_font \">Piano formativo<\/h3> <div style=\"background-color:;height: 20px\" class=\"nicdark_section  \"><\/div>[vc_column_text]<span style=\"color: #ffffff;\">Il <strong>Piano Triennale per l&#8217;Offerta Formativa<\/strong> esprime l&#8217;identit\u00e0 e delinea ogni aspetto dell&#8217;organizzazione didattica del nostro Istituto.<br \/>\nPotete consultare il PTOF online, anche se crediamo che il modo migliore per percepire i nostri valori sia assistere ai nostri open day annuali o contattarci per poter avere tutte le informazioni necessarie.<\/span>[\/vc_column_text][mvc_advanced_button btn_animation=&#8221;button&#8211;ujarak&#8221; btn_text=&#8221;Scarica il PTOF 2019-2022&#8243; padding_top=&#8221;5&#8243; btn_size=&#8221;14&#8243; google_fonts=&#8221;font_family:Montserrat%3Aregular%2C700|font_style:400%20regular%3A400%3Anormal&#8221; font_weight=&#8221;400&#8243; btn_url=&#8221;url:https%3A%2F%2Fwww.asiloabbiateguazzone.it%2F2021%2Fwp-content%2Fuploads%2F2020%2F04%2FPTOF20192022v03.pdf|title:Scarica%20il%20PTOF||rel:nofollow&#8221; btn_icon=&#8221;fas fa-graduation-cap&#8221; btn_border=&#8221;#ffffff&#8221; btn_radius=&#8221;10&#8243; btn_clr=&#8221;#ffffff&#8221; btn_bg=&#8221;#f9854a&#8221; btn_hvrclr=&#8221;#f9854a&#8221; btn_hvrbg=&#8221;#ffffff&#8221;][mvc_advanced_button btn_animation=&#8221;button&#8211;ujarak&#8221; btn_text=&#8221;Scarica il PTOF 2022-2025&#8243; padding_top=&#8221;5&#8243; btn_size=&#8221;14&#8243; google_fonts=&#8221;font_family:Montserrat%3Aregular%2C700|font_style:400%20regular%3A400%3Anormal&#8221; font_weight=&#8221;400&#8243; btn_url=&#8221;url:https%3A%2F%2Fwww.asiloabbiateguazzone.it%2F2021%2Fwp-content%2Fuploads%2F2022%2F01%2FPTOF2022-2025-20211230_b.pdf|title:Scarica%20il%20PTOF|target:_blank|rel:nofollow&#8221; btn_icon=&#8221;fas fa-graduation-cap&#8221; btn_border=&#8221;#ffffff&#8221; btn_radius=&#8221;10&#8243; btn_clr=&#8221;#ffffff&#8221; btn_bg=&#8221;#f9854a&#8221; btn_hvrclr=&#8221;#f9854a&#8221; btn_hvrbg=&#8221;#ffffff&#8221;][mvc_advanced_button btn_animation=&#8221;button&#8211;ujarak&#8221; btn_text=&#8221;Scarica il PTOF 2025-2028&#8243; padding_top=&#8221;5&#8243; btn_size=&#8221;14&#8243; google_fonts=&#8221;font_family:Montserrat%3Aregular%2C700|font_style:400%20regular%3A400%3Anormal&#8221; font_weight=&#8221;400&#8243; btn_url=&#8221;url:https%3A%2F%2Fwww.asiloabbiateguazzone.it%2F2022%2Fwp-content%2Fuploads%2F2025%2F01%2FPTOF2025-2028-v20241209.pdf|title:Scarica%20il%20PTOF|target:_blank|rel:nofollow&#8221; btn_icon=&#8221;fas fa-graduation-cap&#8221; btn_border=&#8221;#ffffff&#8221; btn_radius=&#8221;10&#8243; btn_clr=&#8221;#ffffff&#8221; btn_bg=&#8221;#f9854a&#8221; btn_hvrclr=&#8221;#f9854a&#8221; btn_hvrbg=&#8221;#ffffff&#8221; caption_url=&#8221;&#8221; caption_urls=&#8221;&#8221; caption_urlss=&#8221;&#8221;][\/vc_column][\/vc_row][vc_row css=&#8221;.vc_custom_1467210882955{margin-top: 50px !important;}&#8221;][vc_column css=&#8221;.vc_custom_1467210877865{padding-top: 0px !important;}&#8221;] <h2 style=\"color:;padding:px;text-align:center;font-size:50px;line-height:50px;letter-spacing: px;font-weight:normal\" class=\"   nd_options_first_font \">Laboratori e inizative didattiche<\/h2> <div style=\"background-color:;height: 30px\" class=\"nicdark_section  \"><\/div>[\/vc_column][\/vc_row][vc_row css=&#8221;.vc_custom_1467210882955{margin-top: 50px !important;}&#8221;][vc_column css_animation=&#8221;rotateInDownLeft&#8221; width=&#8221;1\/4&#8243; css=&#8221;.vc_custom_1591910427037{margin-right: 8px !important;margin-left: 8px !important;padding-right: 8px !important;padding-left: 8px !important;}&#8221;][vc_single_image image=&#8221;362&#8243; img_size=&#8221;80&#215;80&#8243; alignment=&#8221;center&#8221;]<div style=\"background-color:;height: 5px\" class=\"nicdark_section  \"><\/div>[vc_column_text]<\/p>\n<h3 style=\"text-align: center;\">Gioco Scopro<\/h3>\n<p>[\/vc_column_text][vc_column_text css=&#8221;.vc_custom_1591910855342{padding-right: 18px !important;padding-left: 18px !important;}&#8221;]<\/p>\n<p style=\"text-align: justify;\">Per i pulcini l&#8217;inizio dell&#8217;asilo \u00e8 sempre un passaggio importante e delicato, per favorire il loro processo di ambientamento \u00e8 stato pensato questo laboratorio, in cui si incentiva la voglia di esplorare e prendere confidenza con il mondo esterno insieme ai nuovi compagni di avventura.<\/p>\n<p>[\/vc_column_text][\/vc_column][vc_column css_animation=&#8221;rotateInDownLeft&#8221; width=&#8221;1\/4&#8243; css=&#8221;.vc_custom_1591910432300{margin-right: 8px !important;margin-left: 8px !important;padding-top: 0px !important;padding-right: 8px !important;padding-left: 8px !important;}&#8221;][vc_single_image image=&#8221;353&#8243; img_size=&#8221;80&#215;80&#8243; alignment=&#8221;center&#8221;]<div style=\"background-color:;height: 5px\" class=\"nicdark_section  \"><\/div>[vc_column_text]<\/p>\n<h3 style=\"text-align: center;\">Gioco Musica<\/h3>\n<p>[\/vc_column_text][vc_column_text css=&#8221;.vc_custom_1591910976244{padding-right: 18px !important;padding-left: 18px !important;}&#8221;]<\/p>\n<p style=\"text-align: justify;\">Il secondo anno i leprotti entrano in una nuova dimensione di gruppo. Un laboratorio musicale che vuole ampliare competenze e interessi in modo semplice e coinvolgente. Esperimenti con suoni, ritmo e tempo accompagneranno i nostri bimbi in questo divertentissimo approccio alla musica.<\/p>\n<p>[\/vc_column_text][\/vc_column][vc_column css_animation=&#8221;rotateInDownRight&#8221; width=&#8221;1\/4&#8243; css=&#8221;.vc_custom_1591910437299{margin-right: 8px !important;margin-left: 8px !important;padding-right: 8px !important;padding-left: 8px !important;}&#8221;][vc_single_image image=&#8221;314&#8243; img_size=&#8221;80&#215;80&#8243; alignment=&#8221;center&#8221;]<div style=\"background-color:;height: 5px\" class=\"nicdark_section  \"><\/div>[vc_column_text]<\/p>\n<h3 style=\"text-align: center;\">Gioco Scuola<\/h3>\n<p>[\/vc_column_text][vc_column_text css=&#8221;.vc_custom_1591910802501{padding-right: 18px !important;padding-left: 18px !important;}&#8221;]<\/p>\n<p style=\"text-align: justify;\">Il terzo anno i nostri delfini iniziano il percorso che li porter\u00e0 alla scuola elementare. Gioco Scuola \u00e8 un primo approccio, giocoso e leggero, al nuovo mondo in cui i bambini faranno presto l&#8217;ingresso, certamente non prima della famosa cerimonia dei &#8220;Remigini&#8221;!<\/p>\n<p>[\/vc_column_text][\/vc_column][vc_column css_animation=&#8221;rotateInDownRight&#8221; width=&#8221;1\/4&#8243; css=&#8221;.vc_custom_1591910441609{margin-right: 8px !important;margin-left: 8px !important;padding-right: 8px !important;padding-left: 8px !important;}&#8221;][vc_single_image image=&#8221;331&#8243; img_size=&#8221;80&#215;80&#8243; alignment=&#8221;center&#8221;]<div style=\"background-color:;height: 5px\" class=\"nicdark_section  \"><\/div>[vc_column_text]<\/p>\n<h3 style=\"text-align: center;\">Attivit\u00e0 motoria<\/h3>\n<p>[\/vc_column_text][vc_column_text css=&#8221;.vc_custom_1591910808357{padding-right: 18px !important;padding-left: 18px !important;}&#8221;]<\/p>\n<p style=\"text-align: justify;\">In collaborazione con SportLandia, il nostro asilo vanta un laboratorio di motricit\u00e0 che si tiene nella nostra graziosa palestra. Da anni affidiamo i nostri bambini all&#8217;esperienza del maestro Cristian, che con attivit\u00e0 e giochi specifici per le diverse fasce di et\u00e0 ne favorisce lo sviluppo psico-motorio.<\/p>\n<p>[\/vc_column_text][\/vc_column][\/vc_row][vc_row full_width=&#8221;stretch_row&#8221; css=&#8221;.vc_custom_1619999612300{border-bottom-width: 50px !important;padding-top: 10px !important;background-color: #eaeaea !important;}&#8221;][vc_column][vc_headings style=&#8221;theme3&#8243; borderclr=&#8221;#dd9933&#8243; title=&#8221;Archivio delle progettazioni educativo-didattiche&#8221; use_theme_fonts=&#8221;yes&#8221; lineheight=&#8221;50&#8243; titlesize=&#8221;27&#8243; titleclr=&#8221;#898989&#8243;][\/vc_headings][vc_masonry_grid post_type=&#8221;post&#8221; max_items=&#8221;10&#8243; element_width=&#8221;2&#8243; gap=&#8221;20&#8243; item=&#8221;basicGrid_NoAnimation&#8221; initial_loading_animation=&#8221;fadeIn&#8221; grid_id=&#8221;vc_gid:1736291631153-bd299400-73e2-9&#8243; css=&#8221;.vc_custom_1619999580132{padding-top: 25px !important;}&#8221;][\/vc_column][\/vc_row]<\/p>\n","protected":false},"excerpt":{"rendered":"<p>[vc_row css=&#8221;.vc_custom_1467207274037{margin-top: 50px !important;}&#8221;][vc_column width=&#8221;1\/2&#8243; css=&#8221;.vc_custom_1467360650255{margin-top: 10px !important;margin-bottom: 10px !important;padding-top: 0px !important;padding-right: 40px !important;}&#8221;][\/vc_column][vc_column width=&#8221;1\/2&#8243; css=&#8221;.vc_custom_1591902894895{margin-top: 10px !important;padding-top: 0px !important;}&#8221;][vc_column_text el_class=&#8221;nd_options_text_align_center_responsive&#8221; css=&#8221;.vc_custom_1608153008066{margin-bottom: 0px !important;padding-bottom: 5px !important;}&#8221;]Il nostro piano formativo \u00e8 fondato sulla crescita di bambini indipendenti e sereni, nel rispetto dei tempi e delle modalit\u00e0 di apprendimento pi\u00f9 adatte ad ognuno.[\/vc_column_text][vc_column_text el_class=&#8221;nd_options_text_align_center_responsive&#8221; css=&#8221;.vc_custom_1608153016860{margin-top: 0px !important;padding-top: [&hellip;]<\/p>\n","protected":false},"author":1,"featured_media":0,"parent":0,"menu_order":0,"comment_status":"closed","ping_status":"closed","template":"","meta":[],"_links":{"self":[{"href":"https:\/\/www.asiloabbiateguazzone.it\/2022\/wp-json\/wp\/v2\/pages\/96"}],"collection":[{"href":"https:\/\/www.asiloabbiateguazzone.it\/2022\/wp-json\/wp\/v2\/pages"}],"about":[{"href":"https:\/\/www.asiloabbiateguazzone.it\/2022\/wp-json\/wp\/v2\/types\/page"}],"author":[{"embeddable":true,"href":"https:\/\/www.asiloabbiateguazzone.it\/2022\/wp-json\/wp\/v2\/users\/1"}],"replies":[{"embeddable":true,"href":"https:\/\/www.asiloabbiateguazzone.it\/2022\/wp-json\/wp\/v2\/comments?post=96"}],"version-history":[{"count":67,"href":"https:\/\/www.asiloabbiateguazzone.it\/2022\/wp-json\/wp\/v2\/pages\/96\/revisions"}],"predecessor-version":[{"id":2858,"href":"https:\/\/www.asiloabbiateguazzone.it\/2022\/wp-json\/wp\/v2\/pages\/96\/revisions\/2858"}],"wp:attachment":[{"href":"https:\/\/www.asiloabbiateguazzone.it\/2022\/wp-json\/wp\/v2\/media?parent=96"}],"curies":[{"name":"wp","href":"https:\/\/api.w.org\/{rel}","templated":true}]}}